{"id":421,"date":"2017-09-17T16:51:54","date_gmt":"2017-09-17T16:51:54","guid":{"rendered":"http:\/\/www.lusitaniacb.net\/rlcbtugawp\/?page_id=421"},"modified":"2019-08-17T07:34:41","modified_gmt":"2019-08-16T23:34:41","slug":"pedidos","status":"publish","type":"page","link":"https:\/\/www.lusitaniacb.net\/rlcbtugawp\/pedidos\/","title":{"rendered":"Pedidos"},"content":{"rendered":"<h2 style=\"text-align: center;\"><strong>Use esta p\u00e1gina APENAS para fazer pedidos musicais nos nossos programas. N\u00e3o use para contactar a r\u00e1dio. Para esse efeito use os emails <span style=\"color: #000000;\"><a href=\"mailto:radio@lusitaniacb.net\">radio@lusitaniacb.net<\/a><\/span> ou <span style=\"color: #000000;\"><a href=\"mailto:cd.dolores@gmail.com\">cd.dolores@gmail.com<\/a><\/span><\/strong><\/h2>\n<p style=\"text-align: center;\"><iframe loading=\"lazy\" src=\"https:\/\/fs3.formsite.com\/radiolusitaniacb\/pedidos\/index.html\" name=\"I1\" width=\"489\" height=\"500\" frameborder=\"0\" marginwidth=\"1\" marginheight=\"1\" scrolling=\"no\" align=\"middle\"><br \/>\nSeu navegador n\u00e3o oferece suporte para quadros entre linhas ou est\u00e1 configurado no momento para n\u00e3o exibi-los.<br \/>\n<\/iframe><\/p>\n<p style=\"text-align: center;\">&nbsp;<\/p>\n<p><a href=\"skype:live:info_1141786?call\"><img decoding=\"async\" class=\"aligncenter\" src=\"http:\/\/www.abledonline.com\/call-me.png\"><\/a><\/p>\n<p><script async=\"\" src=\"https:\/\/pagead2.googlesyndication.com\/pagead\/js\/adsbygoogle.js\"><\/script><br \/>\n<!-- Radios --><br \/>\n<ins class=\"adsbygoogle\" style=\"display:block\" data-ad-client=\"ca-pub-3580236146913178\" data-ad-slot=\"7372894308\" data-ad-format=\"auto\" data-full-width-responsive=\"true\"><\/ins><br \/>\n<script>\n     (adsbygoogle = window.adsbygoogle || []).push({});\n<\/script><\/p>\n","protected":false},"excerpt":{"rendered":"<p>Use esta p\u00e1gina APENAS para fazer pedidos musicais nos nossos [&hellip;]<\/p>\n","protected":false},"author":1,"featured_media":0,"parent":0,"menu_order":0,"comment_status":"closed","ping_status":"closed","template":"","meta":{"footnotes":""},"class_list":["post-421","page","type-page","status-publish","hentry"],"_links":{"self":[{"href":"https:\/\/www.lusitaniacb.net\/rlcbtugawp\/wp-json\/wp\/v2\/pages\/421","targetHints":{"allow":["GET"]}}],"collection":[{"href":"https:\/\/www.lusitaniacb.net\/rlcbtugawp\/wp-json\/wp\/v2\/pages"}],"about":[{"href":"https:\/\/www.lusitaniacb.net\/rlcbtugawp\/wp-json\/wp\/v2\/types\/page"}],"author":[{"embeddable":true,"href":"https:\/\/www.lusitaniacb.net\/rlcbtugawp\/wp-json\/wp\/v2\/users\/1"}],"replies":[{"embeddable":true,"href":"https:\/\/www.lusitaniacb.net\/rlcbtugawp\/wp-json\/wp\/v2\/comments?post=421"}],"version-history":[{"count":8,"href":"https:\/\/www.lusitaniacb.net\/rlcbtugawp\/wp-json\/wp\/v2\/pages\/421\/revisions"}],"predecessor-version":[{"id":828,"href":"https:\/\/www.lusitaniacb.net\/rlcbtugawp\/wp-json\/wp\/v2\/pages\/421\/revisions\/828"}],"wp:attachment":[{"href":"https:\/\/www.lusitaniacb.net\/rlcbtugawp\/wp-json\/wp\/v2\/media?parent=421"}],"curies":[{"name":"wp","href":"https:\/\/api.w.org\/{rel}","templated":true}]}}